base 8, what is 3040 + 10?
3050
In base 13, what is 45 - 12?
33
In base 2, what is 101 + -10110011000?
-10110010011
In base 7, what is -1103 + -4?
-1110
In base 7, what is 2 + -1211?
-1206
In base 11, what is 353 + 1?
354
In base 16, what is -5 - 30?
-35
In base 8, what is -3633 + 4?
-3627
In base 3, what is 0 + 1202?
1202
In base 9, what is -731 + 2?
-728
In base 5, what is 41 + -141?
-100
In base 4, what is 0 + -1023211?
-1023211
In base 2, what is 100 + -11100?
-11000
In base 10, what is 49 - -36?
85
In base 9, what is -3 + 2638?
2635
In base 13, what is -1b + -11?
-2c
In base 5, what is 3 + 41?
44
In base 14, what is -18 + 9?
-d
In base 5, what is 14 - -113?
132
In base 10, what is 14231 - -2?
14233
In base 8, what is -45145 + -1?
-45146
In base 3, what is 1002 + 10?
1012
In base 3, what is -1 + -1210?
-1211
In base 7, what is 32 + 2?
34
In base 12, what is 26 - 3?
23
In base 8, what is -25 - -6?
-17
In base 14, what is 3 - 325?
-322
In base 3, what is -1 - 102122?
-102200
In base 12, what is 376 + 3?
379
In base 11, what is 546 - 2?
544
In base 11, what is 64 - 27?
38
In base 16, what is -d6c - 1?
-d6d
In base 9, what is 8 + 282?
301
In base 12, what is -3 - -1363?
1360
In base 7, what is -5 - -23?
15
In base 12, what is 19 + -4?
15
In base 14, what is 3b + -c?
2d
In base 5, what is -11104 + -3?
-11112
In base 3, what is -22122221 - -11?
-22122210
In base 16, what is d4 + 2?
d6
In base 11, what is -40 - -2?
-39
In base 7, what is 222 - -1?
223
In base 6, what is -302544 + -2?
-302550
In base 15, what is -10 - 11?
-21
In base 6, what is -35 - 3?
-42
In base 7, what is -350 + -4?
-354
In base 5, what is -20 - -201?
131
In base 11, what is 5563 + 4?
5567
In base 15, what is -d + -1?
-e
In base 16, what is 11 - -54?
65
In base 9, what is 314 + -20?
284
In base 2, what is 1000 + 11?
1011
In base 8, what is -4 - -11?
5
In base 10, what is 1087 - 1?
1086
In base 5, what is -3 - -323?
320
In base 4, what is 10 - 1111?
-1101
In base 13, what is -2052 - 3?
-2055
In base 11, what is -5a1 - -3?
-599
In base 4, what is 230 + 10?
300
In base 12, what is -134 + 4?
-130
In base 11, what is -21 - 625?
-646
In base 9, what is 2115 - 5?
2110
In base 12, what is 22 - 0?
22
In base 16, what is -1 + ba5?
ba4
In base 6, what is 3 + 0?
3
In base 14, what is -6 - 32?
-38
In base 9, what is -2 + -8441?
-8443
In base 14, what is -897 + -1b?
-8b4
In base 9, what is 1 + 2813?
2814
In base 11, what is -122 + -4?
-126
In base 2, what is -10010 - 1101010?
-1111100
In base 15, what is -1cc + 3?
-1c9
In base 5, what is 4 + 42?
101
In base 15, what is 3ab9 - 1?
3ab8
In base 16, what is -14 - 21?
-35
In base 15, what is 15 - -4?
19
In base 8, what is 27 - -163?
212
In base 13, what is -3c5 + 10?
-3b5
In base 14, what is 2 - -9da?
9dc
In base 13, what is 458 - -4?
45c
In base 12, what is 3 - -119?
120
In base 16, what is 5d7 - 4?
5d3
In base 10, what is -2 + -265?
-267
In base 7, what is 4 - 1211?
-1204
In base 9, what is 1 + -111?
-110
In base 14, what is -7a + -a0?
-13a
In base 13, what is -404 - -9?
-3c8
In base 8, what is -41 - 3?
-44
In base 4, what is 33 - -1?
100
In base 15, what is -ba + -8?
-c3
In base 15, what is -5 - -88?
83
In base 16, what is -610 + 4?
-60c
In base 3, what is -20 + -122?
-212
In base 4, what is -3221 - -22?
-3133
In base 7, what is 65 - 1?
64
In base 11, what is -3 - 480?
-483
In base 14, what is 77 - 5?
72
In base 7, what is -20 - -13?
-4
In base 3, what is 101021 + 1102?
102200
In base 7, what is 1634 - 3?
1631
In base 13, what is 55 + -2?
53
In base 14, what is 0 + -85?
-85
In base 14, what is 1549 + 2?
154b
In base 10, what is 135 - 240?
-105
In base 6, what is 1 + -1234?
-1233
In base 6, what is 3 + -205?
-202
In base 6, what is -2022 + 0?
-2022
In base 2, what is 110100000000 - 1?
110011111111
In base 16, what is -4d6 + -1?
-4d7
In base 11, what is 2 + -2515?
-2513
In base 16, what is -1 + 97?
96
In base 12, what is 174b + 2?
1751
In base 10, what is -169 - -18?
-151
In base 11, what is -149 - -20?
-129
In base 12, what is 568 + -5?
563
In base 2, what is 1001 + -101?
100
In base 8, what is 0 + 2412?
2412
In base 10, what is -58 - -480?
422
In base 5, what is -21 - -231?
210
In base 10, what is 1 - 45?
-44
In base 8, what is 1102 - 13?
1067
In base 6, what is -1052 + 23?
-1025
In base 11, what is -13 + 46?
33
In base 7, what is 2 + -3046?
-3044
In base 4, what is -3 + 103101?
103032
In base 2, what is -1111 + -1101?
-11100
In base 12, what is 8 + -3?
5
In base 2, what is 100 + 101000111100?
101001000000
In base 10, what is -52 - -4?
-48
In base 11, what is 3 + -448?
-445
In base 9, what is -5072 + 5?
-5066
In base 2, what is 10010 - 110100?
-100010
In base 14, what is -1 - 175?
-176
In base 7, what is -2 - -2013?
2011
In base 10, what is -1 - -188?
187
In base 11, what is 8 + -149?
-141
In base 10, what is 74 - -3?
77
In base 13, what is 362 - -1?
363
In base 14, what is 3 + 1?
4
In base 4, what is 210321 + -2?
210313
In base 2, what is -10 + 101101?
101011
In base 15, what is 3 + 195?
198
In base 3, what is 12 + 1010011?
1010100
In base 15, what is 14 + -5d?
-49
In base 4, what is 3 - -1213?
1222
In base 8, what is 4 - -4?
10
In base 6, what is 10 + -403?
-353
In base 7, what is 20 + 461?
511
In base 2, what is -10 - -100000011110?
100000011100
In base 13, what is -a + 175?
168
In base 5, what is 4 + -24332?
-24323
In base 3, what is -1102 + -11?
-1120
In base 3, what is -10 - 1112211?
-1112221
In base 14, what is 177 - 5?
172
In base 13, what is -2a + -86?
-b3
In base 16, what is 1 - 37?
-36
In base 4, what is -3 + -12032?
-12101
In base 11, what is 675 - 1?
674
In base 8, what is -23 - -6?
-15
In base 5, what is 11 - -122?
133
In base 5, what is 43 - -3224?
3322
In base 2, what is -11 + 1000000?
111101
In base 14, what is -1 + 42c?
42b
In base 12, what is -1a2a + 0?
-1a2a
In base 16, what is 2 - -38?
3a
In base 8, what is 31 + -15?
14
In base 16, what is -24a - 0?
-24a
In base 8, what is -1 - 7247?
-7250
In base 6, what is 54 + 424?
522
In base 12, what is -4 + -11a?
-122
In base 5, what is 3300 + -4?
3241
In base 4, what is 102 - 11303?
-11201
In base 16, what is 4 - -45?
49
In base 4, what is -20 - -2?
-12
In base 2, what is -10 + 1000001?
111111
In base 11, what is -162 - -15?
-148
In base 16, what is 105e - 5?
1059
In base 7, what is -65 + 20?
-45
In base 3, what is -202 + -211?
-1120
In base 4, what is -103 - 31?
-200
In base 14, what is -44c + -6?
-454
In base 15, what is 3e + 19?
58
In base 8, what is -1402 - -10?
-1372
In base 11, what is 72 - -4?
76
In base 2, what is 100111101 - -111?
101000100
In base 10, what is -14 - 3?
-17
In base 5, what is -33130 + 3?
-33122
In base 14, what is 5 - -2?
7
In base 2, what is -1000 - 111110?
-1000110
In base 3, what is -2 + 2000221?
2000212
In base 14, what is 276 - -1?
277
In base 4, what is 13320 - -10?
13330
In base 6, what is 1115 - 100?
1015
In base 10, what is -4 - -106?
102
In base 11, what is -91 + 18?
-74
In base 2, what is -1001 - 1101110100?
-1101111101
In base 8, what is -53 - -3?
-50
In base 4, what is -122223 - -10?
-122213
In base 6, what is -10 - 122?
-132
In base 4, what is -12120 - 3?
-12123
In base 9, what is -250 - 0?
-250
In base 9, what is 284 - 17?
266
In base 12, what is 2 + 29?
2b
In base 3, what is 11101 - 2?
11022
In base 2, what is 101100010 - -1?
101100011
In base 2, what is -11 + -10100?
-10111
In base 7, what is 2 - 331?
-326
In base 6, what is 211 - 2?
205
In base 4, what is -3 + 31301?
31232
In base 5, what is -321 + -4?
-330
In base 4, what is 3 - 311?
-302
In base 9, what is 1817 + 0?
1817
In base 16, what is -7 - 30?
-37
In base 10, what is -176 - -15?
-161
In base 6, what is 2 - 110?
-104
In base 6, what is 203 + 11?
214
In base 5, what is 3 - -23?
31
In base 9, what is -147 - -6?
-141
In base 4, what is 13033 - -2?
13101
In base 7, what is -3 + -113?
-116
In base 13, what is -b4 - -7?
-aa
In base 14, what is -883 - -3?
-880
In base 10, what is 125 + -1?
124
In base 11, what is -1819a - -2?
-18198
In base 13, what is 149 + -2?
147
In base 7, what is 1006 - 4?
1002
In base 15, what is 2a - 0?
2a
In base 14, what is -13 - -d?
-4
In base 13, what is a + 27?
34
In base 11, what is 7 - -129?
135
In base 11, what is 5 + -41?
-37
In base 11, what is 1 - -3